e the second derivative of j**3/6 - 3*j**2/2 + 42*j. Suppose 4*q = -5*p + 12, 2*q + 3*p + 3 = 3*q. Calculate h(q).
0
Suppose 0 = -a + 5*a - 20. Suppose -a*t + 6 = 16. Let w(x) = -3*x - 1. Give w(t).
5
Let a(m) = 8*m - 7. Let h(y) = -23*y + 20. Let w(f) = 8*a(f) + 3*h(f). What is w(3)?
-11
Let s be 3*21/(-9)*-1. Let c be 1 + (1*6)/2. Let g(q) = 4*q**2 - 2 - q**3 - c + 1 + s*q. Calculate g(5).
5
Let v = -12 + 15. Let y(z) = -6 + 2 + v - 2*z + 2. Calculate y(2).
-3
Let m(z) = 3*z**3 + 6*z**2 - 7*z - 2. Let w(s) = s**3 - s**2 + s - 1. Let d(x) = -m(x) + 2*w(x). Determine d(-9).
0
Let l(x) = -x**3 + 4*x**2 + 5*x + 5. Let q = -4 - -4. Suppose -k + q*k = 0. Let v = k + 5. What is l(v)?
5
Let d be 5*-10*2/(-25). Let b(y) = y. What is b(d)?
4
Let n(y) be the third derivative of -y**4/12 + y**3/6 - 20*y**2. Let v(r) = r**2 + 5*r - 8. Let t be v(-6). Give n(t).
5
Let j(n) be the third derivative of -n**5/60 + n**4/24 + n**3/3 - 9*n**2. Calculate j(-2).
-4
Let p(i) = 7*i + 13. Let v = -6 - -1. Let b(r) = 3*r + 7. Let u(l) = v*b(l) + 2*p(l). Give u(-5).
-4
Let u(z) = -8*z + 3*z**2 - 6*z**2 - 6 - 3*z**2 - z**3. Suppose 0 = -3*o - 0*o + 45. Suppose 5*r - 2*r = -o. Give u(r).
9
Let m(a) = 11 + 0*a + 0*a + 2 + a. Let j(r) = 2*r + 14. Let l(y) = -2*j(y) + 3*m(y). Calculate l(6).
5
Let o(a) = a**2 - 6*a + 5. Let u be o(5). Let t = u - 1. Let m(q) = 62*q**3 + 2*q - 63*q**3 - 1 - 3*q. What is m(t)?
1
Suppose 2*q + 3*l = 2*l + 8, 0 = -2*q - 5*l. Suppose -2*c = -q*c. Let k(w) = -4 + 2*w + c - 1. Calculate k(4).
3
Let t(n) = n**3 + 6*n**2 - 7*n + 2. Let x(j) = -j**3 - 5*j**2 + 6*j - 1. Let h(s) = 5*t(s) + 6*x(s). Determine h(0).
4
Let a(z) = -z**2 + 6*z + 6. Let g be (-4)/(-4)*(0 - 5). Let s(k) = k**2 - 6*k - 5. Let l(o) = g*s(o) - 4*a(o). Give l(6).
1
Let u(w) = 2*w - 10. Let o = -124 - -133. What is u(o)?
8
Let l be 3 + 0 + (-2)/(-1). Let p(n) = -n**2 + 6*n - 2. Let a be p(l). Let f(g) = -g**3 + g**2 + 3*g + 4. Determine f(a).
-5
Suppose z + 20 = 3*r + 4, -4*z = 2*r - 34. Let c(b) = -b**3 + 6*b**2 + 7*b + 8. What is c(r)?
8
Let v(b) = 2*b - 1 - 3*b + 3*b. Let q(p) = p**2 + 11*p + 8. Let k be q(-10). Give v(k).
-5
Let p = -24 + 23. Let k = p + 4. Let a(u) = u**2 + 4*u - 4. Give a(k).
17
Suppose -4*k = k - 15. Let b(c) = -4*c + 2. Determine b(k).
-10
Let k = -1 + -2. Let p(b) be the third derivative of b**6/360 + b**5/60 - b**4/24 + 2*b**3/3 + 4*b**2. Let i(h) be the first derivative of p(h). What is i(k)?
2
Let r be (3/(-2))/((-15)/10). Let f = 3 + r. Suppose 3*w - f*x = -1, 2 = w - 5*x + 17. Let k(b) = -b**3 + 4*b**2 + 3*b. Calculate k(w).
-10
Let f(s) = -s. Suppose 0 = -3*o - 12, -4*y + o = 5*o + 40. Let m = 0 + y. Determine f(m).
6
Let s(j) be the first derivative of j**3/3 - 2*j**2 - 3*j - 5. Give s(5).
2
Suppose 6 = -3*n - 3. Let g(b) = 11*b - 18*b + 6*b + 1. What is g(n)?
4
Let v be (10 - (-4)/2)/(27/18). Let y(f) = -f**3 + 9*f**2 - 10*f + 12. Give y(v).
-4
Let j(a) = a**2 + 8*a - 5. Let u be -6 + (2 - 1) - 4. Determine j(u).
4
Let j(c) = -5*c + 2. Let x be j(-2). Let b = -2 + x. Suppose -f - 5*h = -b, -2*f + 10 = h + 4*h. Let y(v) = v**3 - v - 6. Calculate y(f).
-6
Let d = 2 - 0. Let x(b) = -3 - 7 + 0 - b**2 + 8*b + d. Determine x(6).
4
Let t(o) be the first derivative of o**3/3 + 4*o**2 + 7*o + 2. Let v be t(-7). Let i(a) be the third derivative of -a**4/24 + 7*a**3/6 + 5*a**2. Give i(v).
7
Let v(r) be the second derivative of r**6/40 + r**5/60 + r**4/24 - r**3/6 + r**2/2 - 2*r. Let y(a) be the first derivative of v(a). What is y(1)?
4
Let r(x) = x**2 + 6*x + 9. Let s be r(-6). Let q(a) = a**3 - 9*a**2 - a + 12. Let l be q(s). Let m(k) = k**3 - 2*k**2 - 2*k + 2. Give m(l).
5
Let d(p) = -2 + 8 - 5 - 2*p + 11*p**2. Calculate d(1).
10
Let a(h) be the third derivative of 0*h - 1/12*h**4 + 0 - 2/3*h**3 - 7*h**2. Suppose -34 = 5*l - 2*r, 6 = -2*r + 5*r. What is a(l)?
8
Let k(d) = -2*d**2 - 6*d - 5. Let w(i) = -i**3 - 2*i**2 - 5*i - 4. Let c(j) = 5*k(j) - 6*w(j). Calculate c(-1).
-5
Let c(s) = -s - 1. Let z be (2 - (-3 - -2)) + -7*1. Give c(z).
3
Suppose 5*n + 25 = -5*f, -2*n + 5 = -3*n. Suppose 2*w - 10 = 2*k + 6*w, 5*k + 3*w - 10 = f. Let u(h) = -2 - 2*h + 2 + 8 - 2. Calculate u(k).
-4
Let l(h) be the second derivative of 7*h**5/20 - h**4/3 + 13*h**3/6 - 2*h**2 - 2*h. Let z(u) = 3*u**3 - 2*u**2 + 6*u - 2. Let g(k) = 2*l(k) - 5*z(k). Give g(2).
-6
Let f(q) = q + 6. Let s be f(-6). Let i(n) = -3*n**3 - 20*n**2 - 3*n + 2. Let b(c) = -c**3 - 7*c**2 - c + 1. Let y(k) = -17*b(k) + 6*i(k). Determine y(s).
-5
Let w(d) be the third derivative of d**6/120 - 7*d**5/60 + d**4/6 + 5*d**3/6 + 11*d**2. Let s = -8 + 14. Give w(s).
-7
Let p = 0 - 5. Let z = -3 - p. Suppose z*i = -0*i. Let s(x) = x**3 - x**2 + 8. What is s(i)?
8
Let h be (-4)/6*(-3 - 0). Let g(k) = 2*k + 3 - 1 + k**h + k. Give g(-4).
6
Let k(y) = y**2 - 3*y + 5. Let o(n) = -n**2 + n. Let s(q) = -2*q - 4. Let l be s(-3). Let i = 5 - 4. Let t(z) = i*k(z) + l*o(z). What is t(-4)?
-7
Let l(n) = -7*n + 6. Let i(w) = 10*w - 9. Let s(q) = -5*i(q) - 7*l(q). Calculate s(2).
1
Let f(q) = -5*q**2 - 1. Let r = 3 - 0. Suppose -u + 4 = -3*u - 2*a, r = -5*u + 2*a. What is f(u)?
-6
Let u be (0/2 - 0)/1. Let p(w) be the second derivative of -w**4/24 + w**3 - 3*w**2/2 + 3*w. Let i(g) be the first derivative of p(g). Determine i(u).
6
Let a(p) = 5*p**2 - 2*p + 6. Let b(i) = 14*i**2 - 7*i + 17. Let y(j) = -8*a(j) + 3*b(j). Let k = -3 + 1. Let h = 5 + k. Give y(h).
6
Suppose -10*v + 2 = -12*v. Let w(o) = 3*o**3 - 3*o**2 + 7*o + 1. Let x(f) = -f**3 + f**2 - f. Let g(r) = v*w(r) - 4*x(r). What is g(-2)?
-7
Let h(s) = -5*s - 13. Let m(a) = a + 3. Let u(q) = -2*h(q) - 9*m(q). Calculate u(0).
-1
Let x(w) = -1 + 7 - 5*w + 2*w**2 - w**2. Determine x(5).
6
Let j(d) = -d**3 - d**2 + d. Let l be j(-2). Suppose 5*a - 3*t = -28, -2 = -a + 3*t + l. Let g be a/5 + (-4)/10. Let h(w) = 3*w**2 + 4*w + 2. Calculate h(g).
6
Let i = 38 - 18. Let d = i - 14. Let l(s) = -7*s**2 + d*s + 2 - 8 + 6*s**2. Give l(4).
2
Let m(b) = 2*b - 5. Let s(u) = -5*u + 9. Suppose 9 = -6*w + 9*w. Let g(h) = w*s(h) + 5*m(h). Calculate g(-2).
12
Let g(h) = h**2 + h + 6. Let a be -10*(0 + 2/(-4)). Let x(f) = -f**2 - f - 7. Let t(c) = a*g(c) + 4*x(c). Give t(2).
8
Let b = 2 + -3. Let w(f) be the third derivative of f**8/3360 - f**7/2520 - f**6/720 + f**5/12 - 2*f**2. Let c(o) be the third derivative of w(o). Give c(b).
7
Let l = 64 + -38. Suppose -3*t + l = 5*m - 0*t, 0 = 5*m - 2*t - 16. Let i(x) = 2*x - 1. What is i(m)?
7
Let y(o) = o**2 + 6*o + 2. Suppose 2*l + 12 = -3*b, 4*l = b + 7*l - 3. Calculate y(b).
2
Let m(q) = -q**2 - 13*q - 1. Suppose 3*k = 5*f - 4, 3*k - 7 = f + 5*k. Let j(u) = -2*u + 1 - 2 + 3*u. Let i(r) = f*m(r) - 6*j(r). What is i(-5)?
-3
Let u = 51 - 55. Let m(y) = -5*y - y**2 + 0*y**2 - 3*y**2 + 3*y - y**3. What is m(u)?
8
Let l = -42 + 39. Let u(r) be the second derivative of r**3/3 + 2*r**2 - r. What is u(l)?
-2
Let y(w) = -16 + 5 + w + 7. Determine y(-8).
-12
Let i(p) be the second derivative of p**5/60 + 5*p**4/24 + p**3/6 + p**2 - 7*p. Let s(j) be the first derivative of i(j). What is s(-6)?
7
Let u(z) = 2*z - 3. Let c(j) = j**3 - 4*j**2 + 4. Suppose 4 = k - 0. Let p be c(k). Give u(p).
5
Let y(v) = 1. Let r(f) = 4*f + 5. Let n(j) = r(j) - 2*y(j). What is n(-3)?
-9
Let g(m) = -m**3 + 2*m**2 + 3*m - 3. Suppose 0 = -2*w + 4, 2*p - 5*w + 4 = 0. Give g(p).
-3
Let f(p) = -4*p - 17. Let y(u) = u + 4. Let l(b) = -2*f(b) - 9*y(b). Determine l(2).
-4
Let u(y) = 4*y**2 + 3*y. Suppose 2*q = -2*v - 3 + 1, -4*q + 5*v = -41. Suppose 6 = -5*z - q. What is u(z)?
10
Let t be 3/6*(-4)/(-2). Let k(h) = -1 + h**3 - 7*h**2 - t - 3 - 1. Calculate k(7).
-6
Let k(u) = u - 5. Suppose 30*y = -26*y + 55*y. Give k(y).
-5
Suppose 0 = -3*u - 4*w + 19, -w + 18 = 2*u + 3*w. Let s(h) = -9*h + 1. Give s(u).
-8
Let n(x) = 10*x**2 + 5*x**3 + x + 24 - 9 + 2*x**2 - 4*x**3. Let u be n(-12). Let p = -3 + u. Let o(v) = v**3 + v**2 - v. What is o(p)?
0
Let c(t) = -t. Let a(l) = l**3 - 3*l**2 - 4*l + 1. Suppose 4 + 1 = p. Suppose -p*n + 17 = -3. Let o be a(n). Calculate c(o).
-1
Let a(u) = 7*u**3 - 7. Let j(l) = -10*l**3 + 10. Let k(p) = -7*a(p) - 5*j(p). Determine k(0).
-1
Let z(g) = -5*g**2 + 6*g + 6. Let j(d) = -4*d**2 + 7*d + 5. Let w(u) = 6*j(u) - 5*z(u). Determine w(-12).
0
Let s(k) = 2